50/3. Suppose -17*z + x*z = 2161. Is z prime?
True
Let f be (-3)/((-9)/(-3)) - -3. Let y(x) = 17*x**3 + 3*x**2 + x - 3. Let q be y(f). Let s = q + -80. Is s prime?
True
Suppose -20*l + 3 = -21*l. Let d(t) = -t**3 - 5*t**2 + 3*t + 3. Let u be d(l). Is 0 + 4/u + 2150/12 a composite number?
False
Suppose 6*f = 7*f + 20. Let u = 24 + f. Let y(d) = 6*d**2 - 9. Is y(u) a prime number?
False
Suppose 6*p + 3415681 = 2*s + 9*p, -2*p + 3415676 = 2*s. Is s a prime number?
True
Let h(r) = -5419*r + 3838. Is h(-4) a composite number?
True
Let r be (16 - 198/12)/((-3)/14748). Let v(p) = 89*p - 5. Let x be v(-4). Let s = r - x. Is s composite?
False
Suppose -2*j - 27321 = -4*r - 1040003, -5*r = 5*j - 2531600. Is j composite?
False
Suppose 0 = 5*c + 25, 5*q - c - 3*c = 205. Suppose 3*y = 4*y. Suppose 34*o - q*o + 2991 = y. Is o a prime number?
True
Let y(x) be the second derivative of -x**5/20 - 3*x**4/4 + 11*x**2/2 - 33*x. Let m be y(-9). Suppose 9134 = m*r - 9*r. Is r composite?
False
Let p(r) = 6*r**3 - 15*r**2 + 11*r - 71. Let f(h) = -3*h**3 - h**2 + 2*h - 4. Let l be f(-2). Is p(l) composite?
False
Suppose -56*l + 57*l = 2, -k + 5*l = -22891. Is k composite?
False
Let f(m) = -2*m**2 - 18*m + 4. Let l be f(-8). Let t = l - 20. Suppose -2*n = -4*w + 4652, -n + 4*n = t. Is w prime?
True
Let k(g) = 5*g**2 - 2*g + 3. Suppose 4*f - 2*q + 66 = 0, 2*f = f - 3*q - 13. Let s = -8 - f. Is k(s) composite?
False
Suppose 1154313 = 29*f + 8842. Is f a prime number?
True
Let x(z) = 537*z**2 - 25*z + 97. Is x(5) a prime number?
True
Let p(f) = -f**3 + 21*f**2 + f - 16. Let j be p(21). Suppose -j*l = 58 - 1198. Is -23*((-2)/(-6))/((-4)/l) composite?
True
Let a = -43430 + 83767. Suppose -13*b = -a - 105848. Suppose 34*s = 29*s + b. Is s a prime number?
False
Let m(u) = 363*u**2 + 12*u - 49. Is m(-10) prime?
True
Is (-3 + -85)*-101 - 1 a composite number?
False
Let n(h) = 3*h**3 + 7*h**2 + 41*h - 23. Is n(16) composite?
False
Suppose -3*q - 4*i - 36849 = 0, -5*q - 5*i + 6*i - 61392 = 0. Let k = 29750 + q. Is k prime?
True
Let v(p) = 760*p**2 + 70*p + 407. Is v(-12) prime?
False
Suppose -a - 2*l - 5 = -4*a, 0 = 3*a - 4*l - 1. Suppose -a*f = 4*y - 5*f - 186, 5*f - 41 = -y. Suppose -y = -0*j - 2*j. Is j prime?
True
Suppose 136*c - 14018691 + 3100138 = 3896879. Is c prime?
False
Let f be (-1086)/(-21) - -1*(-4)/(-14). Let w = f + -52. Suppose w = -3*z + 839 + 5824. Is z prime?
True
Suppose 0 = -83*b + 87*b + 84. Let n = b - -31. Suppose -2740 = -n*q - 0*q. Is q composite?
True
Suppose 8280 = -3*j - 3*q + 165777, -2*q = -4*j + 210008. Is j prime?
True
Suppose -7219492 = -4*s + 39*g - 35*g, 5414623 = 3*s - 5*g. Is s a composite number?
False
Suppose -3*h = -2*r - 14 + 3, 0 = -4*r - 4. Let x be (-15451)/4 + h/4. Let z = 7025 + x. Is z prime?
True
Suppose -64 = -2*v - 60. Is (5 - v)/(((-81)/(-43893))/9) a composite number?
True
Let v be 576/(3 + -5) - 4. Let d = -546 - -1287. Let b = d + v. Is b prime?
True
Let k = 18169 - 12685. Let z = -3385 + k. Is z prime?
True
Suppose -2*a = -3*a - 2*g + 2184, 2*g + 10956 = 5*a. Suppose a = -0*r + 6*r. Suppose 0 = 68*d - 67*d - r. Is d a prime number?
False
Suppose -19*i + 22*i - 3 = 0. Is (3 + -4)*-4542 - i a prime number?
False
Let b = 102903 + -58911. Is 2/(-4) - b/(-16) composite?
False
Suppose 0 = i + 22*m - 18*m - 319509, -2*i + 3*m + 639007 = 0. Is i composite?
True
Let w(v) = -2*v + 7. Let b be w(4). Let z be (11/33)/(b/(-18)). Is -2*3/z + 128 prime?
True
Let s = 43 - 41. Suppose 2778 = s*t + t. Is t a composite number?
True
Let a(v) = -v**3 + 8*v**2 - 12*v. Let k be a(6). Suppose -z - z + 10 = k. Suppose -z*t + 5199 = -2*t. Is t a prime number?
True
Let d = 308642 + 15827. Is d a prime number?
True
Suppose -3*k - 3*u + 0*u + 570 = 0, -3*u + 375 = 2*k. Let c = k + 176. Is c composite?
True
Suppose 18*p - 27*p = 0. Suppose 5*d - 5*h - 8830 = p, 0 = 2*d + 5*h - 4067 + 514. Is d a composite number?
True
Suppose -266*x = -45*x - 143375297. Is x a composite number?
True
Suppose -91 = -2*y - 337. Let j = y - -122. Is 2 + j - 8752/(-4) a composite number?
True
Let q(f) = -2*f**3 + 13*f**2 + 9*f - 12. Let n be q(7). Suppose y - n*y + 59 = 3*v, 4*v + 4*y - 76 = 0. Let i(l) = 4*l**2 + 4*l + 7. Is i(v) a prime number?
False
Let d(q) = -32*q**3 - 37*q**2 - 79*q + 377. Is d(-29) prime?
False
Let v(c) = 29 + 8*c**2 + 15*c + 2 - 69*c. Is v(-37) a composite number?
True
Let r(p) = -p**3 + 3*p**2 - p - 4. Let k be r(2). Let i be (k - 10) + 0 + 0. Is (3/i)/((-4)/14704) a composite number?
False
Suppose 41*p + 26*p = 85*p - 3629754. Is p a composite number?
False
Let v = 157 - 146. Let d(t) = t**2 + 6*t - 6. Let p(s) = -2*s**2 - 13*s + 13. Let f(m) = -5*d(m) - 3*p(m). Is f(v) a prime number?
True
Is (705342/165)/(1/4 - 4/80) prime?
False
Suppose -2*o = 49 - 71. Suppose -3*a + 5*a = -3*k - 1, 2*a + k = -o. Let g(m) = -36*m + 19. Is g(a) a composite number?
False
Let r(n) be the second derivative of 0 + 1/20*n**5 - n**3 + 7/2*n**2 + 2/3*n**4 + 15*n. Is r(-8) a composite number?
True
Suppose -19*g + 18*g + 1894 = 0. Suppose 1097 = m - 2*w, 5*m + 5*w = 2354 + 3176. Let z = g - m. Is z composite?
True
Let n = -56 - -61. Is 7 + (326480/7)/n a composite number?
True
Let v(f) = -f**2 - 10*f + 196. Let c be v(-19). Suppose 21*p + 34660 = c*p. Is p prime?
False
Suppose -5*k = 3*r - 1126, -4*k + 1879 - 749 = 3*r. Suppose 2*h + 75 = 5*h. Suppose 0 = 27*d - h*d - r. Is d a composite number?
False
Let y = 432 + -428. Suppose 16725 = -y*g + 19*g. Is g composite?
True
Let u(r) = -47*r + 121. Let n be u(8). Let w = -152 - n. Is w composite?
False
Suppose -54 + 19 = -7*q. Suppose -5*m - 3*n + 19933 = 0, 3*m = -q*n + 5461 + 6486. Is m prime?
True
Suppose 0 = -t + 6*t - 90. Let f = t + -16. Suppose -31 = -f*z + 139. Is z a composite number?
True
Suppose 262*z - 1798814 - 1498160 = -352356. Is z a prime number?
True
Suppose 0 = -w - 0*z + 5*z + 20, 2*w = 4*z + 16. Suppose 2*g + 6*g + 24 = w. Is 4/(g - 1)*-8057 composite?
True
Let r(w) = -90*w**3 + 4*w**2 - 4*w - 27. Let o be r(6). Is (14 + -7 - 8)/(1/o) prime?
False
Suppose 5*a - 333 = 5*j + 77, a + 3*j = 70. Suppose 95*w = a*w + 127888. Is w composite?
False
Let w = -9782 + 27145. Is w composite?
True
Let d(g) = -1064*g + 1. Let n(p) = 1065*p - 2. Let y(r) = -4*d(r) - 5*n(r). Let l be y(-10). Suppose 12*f = 4*f + l. Is f a prime number?
False
Let k = -300444 - -451223. Is k composite?
False
Suppose -6*q + 4*t = -q - 3629, -3*t - 3 = 0. Suppose -18*b = -10284 - 7698. Suppose 2*h - b = q. Is h composite?
True
Suppose -5*o - 5*i = -o - 7, 3*i - 1 = -4*o. Let v = o - -37. Let r = 56 + v. Is r prime?
False
Let c = -320566 + 558469. Is c a composite number?
True
Is ((-114171)/5 + -3)/(18/(-30)) prime?
False
Suppose 4*g + t = 1921, -t + 144 = 2*g - 819. Suppose 4*i = 3195 - g. Is i prime?
False
Let j(h) = -h**2 + 4*h + 8. Let o be j(6). Let m be ((-5919)/(-6))/((-2)/o). Suppose 3*y + t = 1187, m = y + 4*y + 3*t. Is y a composite number?
False
Suppose -777*z = -815*z + 7545698. Is z prime?
True
Let s = -3500 - -3512. Suppose k + 798 = 2*y + 191, 1490 = 5*y + 3*k. Let o = y - s. Is o a composite number?
True
Let l(f) = -f**2 - 11*f - 24. Let i be l(-7). Let n be i/(-30) + (-117)/135. Let r(d) = -185*d**3 - d**2 - 2*d - 1. Is r(n) composite?
True
Suppose -146 = -p + 1568. Let f = -498 + p. Suppose -2*j + 1231 = -x - 2*x, -2*x = 2*j - f. Is j a composite number?
True
Let o(y) = 974*y**2 - 355*y + 8212. Is o(25) a prime number?
True
Suppose -350 = -7*c - 266. Is ((1 - 3) + 29500/c)*3 a composite number?
False
Let b(c) = -c**2 + 7*c + 10. Let z be b(8). Suppose -5*m = z*m - 5*m. Let w(p) = -2*p**3 - 3*p + 251. Is w(m) prime?
True
Let m(q) = 366*q + 3. Let b be m(-17). Let s be (-5)/((-30)/b)*8/(-3). Suppose 21*i = 25*i - s. Is i composite?
False
Suppose 6*g + 19*g = 75. Let v(i) = 33*i**2 - 2*i + 2. Is v(g) prime?
True
Let u = -177430 - -262665. Suppose -7*n - u = -12*n. Is n composite?
False
Let z be -36*(4/(-10))/(6/10). Let g = 177 + z. Let o = -114 + g. Is o prime?
False
Let y be 4/7*(-112)/(-32) + -50. Is (32/y)/(1 + 14919/(-14913)) a prime number?
True
Let h(u) = 27632*u**2 - 7*u - 33. Is h(-2) composite?
True
Suppose 0 = -4*k - 16 - 24. Let m be (k - (-6)/(-3))*(-56)/(-21). Is m/24*207/(-6) a composite number?
True
Is 21*(-4